hen 675975 is divided by 27038?
25
Calculate the remainder when 461249 is divided by 1415.
1374
What is the remainder when 2035932 is divided by 78240?
1692
What is the remainder when 1466549597 is divided by 1072?
1069
What is the remainder when 1312669 is divided by 656277?
115
Calculate the remainder when 633420 is divided by 158353.
8
Calculate the remainder when 11135515 is divided by 360.
355
What is the remainder when 642169560 is divided by 628?
624
Calculate the remainder when 1495839 is divided by 617.
231
Calculate the remainder when 27383809 is divided by 2711.
2709
Calculate the remainder when 18272258 is divided by 2255.
2248
What is the remainder when 15710 is divided by 14987?
723
What is the remainder when 2150834 is divided by 31171?
35
Calculate the remainder when 4145601 is divided by 460608.
129
Calculate the remainder when 9265536 is divided by 136.
128
What is the remainder when 30206136 is divided by 87?
84
What is the remainder when 437826 is divided by 3618?
48
Calculate the remainder when 466061511 is divided by 2747.
2744
Calculate the remainder when 4696060 is divided by 65223.
4
What is the remainder when 51388594 is divided by 52?
10
What is the remainder when 949922 is divided by 171?
17
Calculate the remainder when 10451 is divided by 3191.
878
Calculate the remainder when 46385 is divided by 1055.
1020
Calculate the remainder when 102132 is divided by 12742.
196
What is the remainder when 1015183 is divided by 110?
103
What is the remainder when 92559 is divided by 30846?
21
What is the remainder when 163710 is divided by 4096?
3966
What is the remainder when 121450924 is divided by 5?
4
Calculate the remainder when 88037639 is divided by 4107.
4094
Calculate the remainder when 7274629 is divided by 55.
54
What is the remainder when 491891 is divided by 245170?
1551
Calculate the remainder when 2057113 is divided by 36088.
97
What is the remainder when 58643565 is divided by 428?
289
Calculate the remainder when 4414729 is divided by 109.
11
Calculate the remainder when 21615883 is divided by 119.
9
What is the remainder when 53442286 is divided by 152?
150
What is the remainder when 1264782 is divided by 158?
150
What is the remainder when 37413918 is divided by 27?
18
What is the remainder when 1478406 is divided by 184723?
622
What is the remainder when 2879845 is divided by 506?
199
Calculate the remainder when 144107674 is divided by 297.
7
Calculate the remainder when 642623 is divided by 11300.
9823
What is the remainder when 8628788 is divided by 2876254?
26
Calculate the remainder when 4506685 is divided by 300445.
10
Calculate the remainder when 11823894 is divided by 41.
27
Calculate the remainder when 877973 is divided by 877877.
96
Calculate the remainder when 1348320 is divided by 1318.
6
What is the remainder when 7917201 is divided by 1583440?
1
Calculate the remainder when 205931 is divided by 13.
11
What is the remainder when 10373298 is divided by 5186358?
582
Calculate the remainder when 9252151 is divided by 64.
55
Calculate the remainder when 341031179 is divided by 4767.
4766
What is the remainder when 15746888 is divided by 71?
11
Calculate the remainder when 170057 is divided by 1077.
968
Calculate the remainder when 1716796 is divided by 143034.
388
What is the remainder when 416606 is divided by 2?
0
Calculate the remainder when 4066499 is divided by 2791.
12
Calculate the remainder when 1524179 is divided by 16.
3
Calculate the remainder when 136604 is divided by 63.
20
What is the remainder when 3865403 is divided by 579?
578
Calculate the remainder when 111741871 is divided by 443.
437
What is the remainder when 34056 is divided by 8224?
1160
What is the remainder when 17679956 is divided by 120?
116
Calculate the remainder when 19277439 is divided by 130.
129
What is the remainder when 55539865 is divided by 206?
205
Calculate the remainder when 29780534 is divided by 46.
42
Calculate the remainder when 19273 is divided by 2493.
1822
What is the remainder when 654184 is divided by 326811?
562
Calculate the remainder when 136699 is divided by 5891.
1206
Calculate the remainder when 3580302 is divided by 7921.
10
Calculate the remainder when 19083 is divided by 5115.
3738
Calculate the remainder when 2936893 is divided by 178.
71
Calculate the remainder when 2450236 is divided by 204186.
4
What is the remainder when 7104683 is divided by 162?
11
What is the remainder when 158981948 is divided by 1197?
1196
Calculate the remainder when 748890 is divided by 5990.
140
What is the remainder when 10290454 is divided by 17?
14
Calculate the remainder when 24141522 is divided by 4023587.
0
What is the remainder when 3577744937 is divided by 770?
767
What is the remainder when 313680062 is divided by 3064?
3062
Calculate the remainder when 64836 is divided by 64773.
63
What is the remainder when 453415 is divided by 1114?
17
Calculate the remainder when 596856 is divided by 11936.
56
What is the remainder when 530433 is divided by 3533?
483
Calculate the remainder when 683678 is divided by 136701.
173
What is the remainder when 5592930 is divided by 21026?
14
Calculate the remainder when 12755670 is divided by 142.
94
Calculate the remainder when 1811283 is divided by 2217.
2211
What is the remainder when 359135 is divided by 325?
10
Calculate the remainder when 134826 is divided by 1613.
947
What is the remainder when 163765 is divided by 32749?
20
What is the remainder when 52304285 is divided by 120?
5
What is the remainder when 622509 is divided by 75?
9
Calculate the remainder when 527168 is divided by 2205.
173
Calculate the remainder when 10338604 is divided by 544137.
1
Calculate the remainder when 1188442 is divided by 3274.
3254
What is the remainder when 13434679 is divided by 57?
7
Calculate the remainder when 28123420 is divided by 527.
65
Calculate the remainder when 745464 is divided by 248461.
81
What is the remainder when 838522 is divided by 2041?
1712
What is the remainder when 35488778 is divided by 97?
67
Calculate the remainder when 1043688 is divided by 4877.
10
Calculate the remainder when 10395252 is divided by 611485.
7
Calculate the remainder when 224148 is divided by 10111.
1706
Calculate the remainder when 118915651 is divided by 22.
19
What is the remainder when 213092 is divided by 107?
55
Calculate the remainder when 31192072 is divided by 71.
68
Calculate the remainder when 3238298 is divided by 3238279.
19
Calculate the remainder when 68357 is divided by 58.
33
What is the remainder when 656117 is divided by 31?
2
What is the remainder when 6535 is divided by 3217?
101
What is the remainder when 107049 is divided by 4648?
145
What is the remainder when 332715 is divided by 7390?
165
What is the remainder when 8174586 is divided by 278?
274
What is the remainder when 2218471 is divided by 389?
4
What is the remainder when 8922208 is divided by 94917?
10
Calculate the remainder when 589060 is divided by 7001.
976
What is the remainder when 48326146 is divided by 94?
88
What is the remainder when 824951 is divided by 412427?
97
What is the remainder when 29746438 is divided by 14873219?
0
What is the remainder when 830103 is divided by 21282?
105
What is the remainder when 458355 is divided by 16?
3
Calculate the remainder when 207461 is divided by 536.
29
Calculate the remainder when 390987 is divided by 318.
165
What is the remainder when 29009856 is divided by 6373?
6333
Calculate the remainder when 8854232 is divided by 3448.
3216
What is the remainder when 340112989 is divided by 59?
55
What is the remainder when 600492 is divided by 93?
84
Calculate the remainder when 280634445 is divided by 142.
129
What is the remainder when 8293568 is divided by 270?
248
What is the remainder when 51433413 is divided by 1128?
1125
What is the remainder when 3672935 is divided by 70?
35
Calculate the remainder when 7078813 is divided by 8367.
331
Calculate the remainder when 3548 is divided by 1508.
532
Calculate the remainder when 189505 is divided by 228.
37
Calculate the remainder when 163656686 is divided by 81828343.
0
What is the remainder when 177294545 is divided by 19?
16
Calculate the remainder when 142839 is divided by 1261.
346
Calculate the remainder